{"id":224,"date":"2018-12-17T04:41:58","date_gmt":"2018-12-17T04:41:58","guid":{"rendered":"https:\/\/themepalacedemo.com\/food-restro\/?page_id=224"},"modified":"2022-11-22T15:53:10","modified_gmt":"2022-11-22T15:53:10","slug":"accept-cards","status":"publish","type":"page","link":"https:\/\/accaribe.cl\/?page_id=224","title":{"rendered":"Procura de log\u00edstica y despacho"},"content":{"rendered":"<p>Selecci\u00f3n de proveedores, coordinaci\u00f3n log\u00edstica de despacho, coordinaci\u00f3n inspecci\u00f3n SAG<\/p>\n<h5>Nos enfocamos en entregar a nuestros clientes productos alimenticios de calidad y servicios de excelencia<\/h5>\n","protected":false},"excerpt":{"rendered":"<p>Selecci\u00f3n de proveedores, coordinaci\u00f3n log\u00edstica de despacho, coordinaci\u00f3n inspecci\u00f3n SAG Nos enfocamos en entregar a nuestros clientes productos alimenticios de calidad y servicios de excelencia<\/p>\n","protected":false},"author":1,"featured_media":345,"parent":0,"menu_order":0,"comment_status":"closed","ping_status":"closed","template":"","meta":{"footnotes":""},"_links":{"self":[{"href":"https:\/\/accaribe.cl\/index.php?rest_route=\/wp\/v2\/pages\/224"}],"collection":[{"href":"https:\/\/accaribe.cl\/index.php?rest_route=\/wp\/v2\/pages"}],"about":[{"href":"https:\/\/accaribe.cl\/index.php?rest_route=\/wp\/v2\/types\/page"}],"author":[{"embeddable":true,"href":"https:\/\/accaribe.cl\/index.php?rest_route=\/wp\/v2\/users\/1"}],"replies":[{"embeddable":true,"href":"https:\/\/accaribe.cl\/index.php?rest_route=%2Fwp%2Fv2%2Fcomments&post=224"}],"version-history":[{"count":2,"href":"https:\/\/accaribe.cl\/index.php?rest_route=\/wp\/v2\/pages\/224\/revisions"}],"predecessor-version":[{"id":357,"href":"https:\/\/accaribe.cl\/index.php?rest_route=\/wp\/v2\/pages\/224\/revisions\/357"}],"wp:featuredmedia":[{"embeddable":true,"href":"https:\/\/accaribe.cl\/index.php?rest_route=\/wp\/v2\/media\/345"}],"wp:attachment":[{"href":"https:\/\/accaribe.cl\/index.php?rest_route=%2Fwp%2Fv2%2Fmedia&parent=224"}],"curies":[{"name":"wp","href":"https:\/\/api.w.org\/{rel}","templated":true}]}}